{"id":14,"date":"2022-06-16T12:28:49","date_gmt":"2022-06-16T12:28:49","guid":{"rendered":"https:\/\/hopemais.com.br\/seikatsu\/?page_id=14"},"modified":"2023-11-13T10:52:50","modified_gmt":"2023-11-13T13:52:50","slug":"duvidas-frequentes","status":"publish","type":"page","link":"https:\/\/hopemais.com.br\/seikatsu\/duvidas-frequentes\/","title":{"rendered":"D\u00favidas Frequentes"},"content":{"rendered":"\t\t<div data-elementor-type=\"wp-page\" data-elementor-id=\"14\" class=\"elementor elementor-14\" data-elementor-settings=\"{&quot;ha_cmc_init_switcher&quot;:&quot;no&quot;}\" data-elementor-post-type=\"page\">\n\t\t\t\t\t\t<section class=\"elementor-section elementor-top-section elementor-element elementor-element-42f96d24 elementor-section-height-min-height elementor-section-boxed elementor-section-height-default elementor-section-items-middle wpr-particle-no wpr-jarallax-no wpr-parallax-no wpr-sticky-section-no\" data-id=\"42f96d24\" data-element_type=\"section\" id=\"inicio\" data-settings=\"{&quot;background_background&quot;:&quot;gradient&quot;,&quot;_ha_eqh_enable&quot;:false}\">\n\t\t\t\t\t\t\t<div class=\"elementor-background-overlay\"><\/div>\n\t\t\t\t\t\t\t<div class=\"elementor-container elementor-column-gap-default\">\n\t\t\t\t\t<div class=\"elementor-column elementor-col-100 elementor-top-column elementor-element elementor-element-6b5c9276\" data-id=\"6b5c9276\" data-element_type=\"column\">\n\t\t\t<div class=\"elementor-widget-wrap elementor-element-populated\">\n\t\t\t\t\t\t<div class=\"elementor-element elementor-element-92c4271 elementor-align-center elementor-widget elementor-widget-breadcrumbs\" data-id=\"92c4271\" data-element_type=\"widget\" data-widget_type=\"breadcrumbs.default\">\n\t\t\t\t<div class=\"elementor-widget-container\">\n\t\t\t\t\t<p id=\"breadcrumbs\"><span><span><a href=\"https:\/\/hopemais.com.br\/seikatsu\/\">In\u00edcio<\/a><\/span><\/span><\/p>\t\t\t\t<\/div>\n\t\t\t\t<\/div>\n\t\t\t\t\t<\/div>\n\t\t<\/div>\n\t\t\t\t\t<\/div>\n\t\t<\/section>\n\t\t\t\t<section class=\"elementor-section elementor-top-section elementor-element elementor-element-733ea4c3 elementor-section-boxed elementor-section-height-default elementor-section-height-default wpr-particle-no wpr-jarallax-no wpr-parallax-no wpr-sticky-section-no\" data-id=\"733ea4c3\" data-element_type=\"section\" data-settings=\"{&quot;background_background&quot;:&quot;classic&quot;,&quot;_ha_eqh_enable&quot;:false}\">\n\t\t\t\t\t\t<div class=\"elementor-container elementor-column-gap-default\">\n\t\t\t\t\t<div class=\"elementor-column elementor-col-100 elementor-top-column elementor-element elementor-element-5a24293f\" data-id=\"5a24293f\" data-element_type=\"column\">\n\t\t\t<div class=\"elementor-widget-wrap elementor-element-populated\">\n\t\t\t\t\t\t<div class=\"elementor-element elementor-element-4e8ff468 elementor-invisible elementor-widget elementor-widget-heading\" data-id=\"4e8ff468\" data-element_type=\"widget\" data-settings=\"{&quot;_animation&quot;:&quot;fadeInUp&quot;}\" data-widget_type=\"heading.default\">\n\t\t\t\t<div class=\"elementor-widget-container\">\n\t\t\t\t\t<h2 class=\"elementor-heading-title elementor-size-default\">Tire d\u00favidas aqui<\/h2>\t\t\t\t<\/div>\n\t\t\t\t<\/div>\n\t\t\t\t<section class=\"elementor-section elementor-inner-section elementor-element elementor-element-72837f5c elementor-section-boxed elementor-section-height-default elementor-section-height-default wpr-particle-no wpr-jarallax-no wpr-parallax-no wpr-sticky-section-no\" data-id=\"72837f5c\" data-element_type=\"section\" data-settings=\"{&quot;_ha_eqh_enable&quot;:false}\">\n\t\t\t\t\t\t<div class=\"elementor-container elementor-column-gap-default\">\n\t\t\t\t\t<div class=\"elementor-column elementor-col-50 elementor-inner-column elementor-element elementor-element-43b6f373 elementor-invisible\" data-id=\"43b6f373\" data-element_type=\"column\" data-settings=\"{&quot;background_background&quot;:&quot;classic&quot;,&quot;animation&quot;:&quot;fadeInUp&quot;,&quot;animation_delay&quot;:100}\">\n\t\t\t<div class=\"elementor-widget-wrap elementor-element-populated\">\n\t\t\t\t\t\t<div class=\"elementor-element elementor-element-542cb359 elementor-widget elementor-widget-accordion\" data-id=\"542cb359\" data-element_type=\"widget\" data-widget_type=\"accordion.default\">\n\t\t\t\t<div class=\"elementor-widget-container\">\n\t\t\t\t\t\t\t<div class=\"elementor-accordion\">\n\t\t\t\t\t\t\t<div class=\"elementor-accordion-item\">\n\t\t\t\t\t<div id=\"elementor-tab-title-1411\" class=\"elementor-tab-title\" data-tab=\"1\" role=\"button\" aria-controls=\"elementor-tab-content-1411\" aria-expanded=\"false\">\n\t\t\t\t\t\t\t\t\t\t\t\t\t<span class=\"elementor-accordion-icon elementor-accordion-icon-left\" aria-hidden=\"true\">\n\t\t\t\t\t\t\t\t\t\t\t\t\t\t\t<span class=\"elementor-accordion-icon-closed\"><i class=\"fas fa-caret-down\"><\/i><\/span>\n\t\t\t\t\t\t\t\t<span class=\"elementor-accordion-icon-opened\"><i class=\"fas fa-caret-up\"><\/i><\/span>\n\t\t\t\t\t\t\t\t\t\t\t\t\t\t<\/span>\n\t\t\t\t\t\t\t\t\t\t\t\t<a class=\"elementor-accordion-title\" tabindex=\"0\">Como fazer uma consulta online<\/a>\n\t\t\t\t\t<\/div>\n\t\t\t\t\t<div id=\"elementor-tab-content-1411\" class=\"elementor-tab-content elementor-clearfix\" data-tab=\"1\" role=\"region\" aria-labelledby=\"elementor-tab-title-1411\"><p>Ligar para a central de atendimento SulAm\u00e9rica<\/p><\/div>\n\t\t\t\t<\/div>\n\t\t\t\t\t\t\t<div class=\"elementor-accordion-item\">\n\t\t\t\t\t<div id=\"elementor-tab-title-1412\" class=\"elementor-tab-title\" data-tab=\"2\" role=\"button\" aria-controls=\"elementor-tab-content-1412\" aria-expanded=\"false\">\n\t\t\t\t\t\t\t\t\t\t\t\t\t<span class=\"elementor-accordion-icon elementor-accordion-icon-left\" aria-hidden=\"true\">\n\t\t\t\t\t\t\t\t\t\t\t\t\t\t\t<span class=\"elementor-accordion-icon-closed\"><i class=\"fas fa-caret-down\"><\/i><\/span>\n\t\t\t\t\t\t\t\t<span class=\"elementor-accordion-icon-opened\"><i class=\"fas fa-caret-up\"><\/i><\/span>\n\t\t\t\t\t\t\t\t\t\t\t\t\t\t<\/span>\n\t\t\t\t\t\t\t\t\t\t\t\t<a class=\"elementor-accordion-title\" tabindex=\"0\">A consulta do servi\u00e7o de M\u00e9dico na Tela tem um tempo determinado?<\/a>\n\t\t\t\t\t<\/div>\n\t\t\t\t\t<div id=\"elementor-tab-content-1412\" class=\"elementor-tab-content elementor-clearfix\" data-tab=\"2\" role=\"region\" aria-labelledby=\"elementor-tab-title-1412\">N\u00e3o. O tempo do atendimento depende da necessidade de cada paciente.\n<\/div>\n\t\t\t\t<\/div>\n\t\t\t\t\t\t\t<div class=\"elementor-accordion-item\">\n\t\t\t\t\t<div id=\"elementor-tab-title-1413\" class=\"elementor-tab-title\" data-tab=\"3\" role=\"button\" aria-controls=\"elementor-tab-content-1413\" aria-expanded=\"false\">\n\t\t\t\t\t\t\t\t\t\t\t\t\t<span class=\"elementor-accordion-icon elementor-accordion-icon-left\" aria-hidden=\"true\">\n\t\t\t\t\t\t\t\t\t\t\t\t\t\t\t<span class=\"elementor-accordion-icon-closed\"><i class=\"fas fa-caret-down\"><\/i><\/span>\n\t\t\t\t\t\t\t\t<span class=\"elementor-accordion-icon-opened\"><i class=\"fas fa-caret-up\"><\/i><\/span>\n\t\t\t\t\t\t\t\t\t\t\t\t\t\t<\/span>\n\t\t\t\t\t\t\t\t\t\t\t\t<a class=\"elementor-accordion-title\" tabindex=\"0\">E se eu precisar fazer um exame ou receber uma receita m\u00e9dica?<\/a>\n\t\t\t\t\t<\/div>\n\t\t\t\t\t<div id=\"elementor-tab-content-1413\" class=\"elementor-tab-content elementor-clearfix\" data-tab=\"3\" role=\"region\" aria-labelledby=\"elementor-tab-title-1413\"><p>Voc\u00ea pode falar com m\u00e9dicos das principais especialidades atrav\u00e9s de telemedicina, consulta m\u00e9dica online pelo computador e\/ou celular.<\/p><\/div>\n\t\t\t\t<\/div>\n\t\t\t\t\t\t\t\t<\/div>\n\t\t\t\t\t\t<\/div>\n\t\t\t\t<\/div>\n\t\t\t\t\t<\/div>\n\t\t<\/div>\n\t\t\t\t<div class=\"elementor-column elementor-col-50 elementor-inner-column elementor-element elementor-element-3f648974 elementor-invisible\" data-id=\"3f648974\" data-element_type=\"column\" data-settings=\"{&quot;background_background&quot;:&quot;classic&quot;,&quot;animation&quot;:&quot;fadeInUp&quot;,&quot;animation_delay&quot;:100}\">\n\t\t\t<div class=\"elementor-widget-wrap elementor-element-populated\">\n\t\t\t\t\t\t<div class=\"elementor-element elementor-element-758b0546 elementor-widget elementor-widget-accordion\" data-id=\"758b0546\" data-element_type=\"widget\" data-widget_type=\"accordion.default\">\n\t\t\t\t<div class=\"elementor-widget-container\">\n\t\t\t\t\t\t\t<div class=\"elementor-accordion\">\n\t\t\t\t\t\t\t<div class=\"elementor-accordion-item\">\n\t\t\t\t\t<div id=\"elementor-tab-title-1971\" class=\"elementor-tab-title\" data-tab=\"1\" role=\"button\" aria-controls=\"elementor-tab-content-1971\" aria-expanded=\"false\">\n\t\t\t\t\t\t\t\t\t\t\t\t\t<span class=\"elementor-accordion-icon elementor-accordion-icon-left\" aria-hidden=\"true\">\n\t\t\t\t\t\t\t\t\t\t\t\t\t\t\t<span class=\"elementor-accordion-icon-closed\"><i class=\"fas fa-caret-down\"><\/i><\/span>\n\t\t\t\t\t\t\t\t<span class=\"elementor-accordion-icon-opened\"><i class=\"fas fa-caret-up\"><\/i><\/span>\n\t\t\t\t\t\t\t\t\t\t\t\t\t\t<\/span>\n\t\t\t\t\t\t\t\t\t\t\t\t<a class=\"elementor-accordion-title\" tabindex=\"0\">E se eu precisar falar com um especialista?<\/a>\n\t\t\t\t\t<\/div>\n\t\t\t\t\t<div id=\"elementor-tab-content-1971\" class=\"elementor-tab-content elementor-clearfix\" data-tab=\"1\" role=\"region\" aria-labelledby=\"elementor-tab-title-1971\"><p>Voc\u00ea pode falar com m\u00e9dicos das principais especialidades atrav\u00e9s de telemedicina e fazer a sua consulta m\u00e9dica online<\/p><\/div>\n\t\t\t\t<\/div>\n\t\t\t\t\t\t\t<div class=\"elementor-accordion-item\">\n\t\t\t\t\t<div id=\"elementor-tab-title-1972\" class=\"elementor-tab-title\" data-tab=\"2\" role=\"button\" aria-controls=\"elementor-tab-content-1972\" aria-expanded=\"false\">\n\t\t\t\t\t\t\t\t\t\t\t\t\t<span class=\"elementor-accordion-icon elementor-accordion-icon-left\" aria-hidden=\"true\">\n\t\t\t\t\t\t\t\t\t\t\t\t\t\t\t<span class=\"elementor-accordion-icon-closed\"><i class=\"fas fa-caret-down\"><\/i><\/span>\n\t\t\t\t\t\t\t\t<span class=\"elementor-accordion-icon-opened\"><i class=\"fas fa-caret-up\"><\/i><\/span>\n\t\t\t\t\t\t\t\t\t\t\t\t\t\t<\/span>\n\t\t\t\t\t\t\t\t\t\t\t\t<a class=\"elementor-accordion-title\" tabindex=\"0\">E no caso de eu precisar de uma consulta presencial com um m\u00e9dico?<\/a>\n\t\t\t\t\t<\/div>\n\t\t\t\t\t<div id=\"elementor-tab-content-1972\" class=\"elementor-tab-content elementor-clearfix\" data-tab=\"2\" role=\"region\" aria-labelledby=\"elementor-tab-title-1972\"><p>Voc\u00ea utiliza nossa rede credenciada com descontos de at\u00e9 50% nas\u00a0 consultas<\/p><\/div>\n\t\t\t\t<\/div>\n\t\t\t\t\t\t\t<div class=\"elementor-accordion-item\">\n\t\t\t\t\t<div id=\"elementor-tab-title-1973\" class=\"elementor-tab-title\" data-tab=\"3\" role=\"button\" aria-controls=\"elementor-tab-content-1973\" aria-expanded=\"false\">\n\t\t\t\t\t\t\t\t\t\t\t\t\t<span class=\"elementor-accordion-icon elementor-accordion-icon-left\" aria-hidden=\"true\">\n\t\t\t\t\t\t\t\t\t\t\t\t\t\t\t<span class=\"elementor-accordion-icon-closed\"><i class=\"fas fa-caret-down\"><\/i><\/span>\n\t\t\t\t\t\t\t\t<span class=\"elementor-accordion-icon-opened\"><i class=\"fas fa-caret-up\"><\/i><\/span>\n\t\t\t\t\t\t\t\t\t\t\t\t\t\t<\/span>\n\t\t\t\t\t\t\t\t\t\t\t\t<a class=\"elementor-accordion-title\" tabindex=\"0\">E caso eu precise fazer um exame, como funciona?<\/a>\n\t\t\t\t\t<\/div>\n\t\t\t\t\t<div id=\"elementor-tab-content-1973\" class=\"elementor-tab-content elementor-clearfix\" data-tab=\"3\" role=\"region\" aria-labelledby=\"elementor-tab-title-1973\"><p>Voc\u00ea pode ir a um dos nossos laborat\u00f3rios credenciados e fazer seu exame com at\u00e9 80% de desconto.<\/p><\/div>\n\t\t\t\t<\/div>\n\t\t\t\t\t\t\t\t<\/div>\n\t\t\t\t\t\t<\/div>\n\t\t\t\t<\/div>\n\t\t\t\t\t<\/div>\n\t\t<\/div>\n\t\t\t\t\t<\/div>\n\t\t<\/section>\n\t\t\t\t\t<\/div>\n\t\t<\/div>\n\t\t\t\t\t<\/div>\n\t\t<\/section>\n\t\t\t\t<\/div>\n\t\t","protected":false},"excerpt":{"rendered":"<p>Tire d\u00favidas aqui Como fazer uma consulta online Ligar para a central de atendimento SulAm\u00e9rica A consulta do servi\u00e7o de M\u00e9dico na Tela tem um tempo determinado? N\u00e3o. O tempo do atendimento depende da necessidade de cada paciente. E se eu precisar fazer um exame ou receber uma receita m\u00e9dica? Voc\u00ea pode falar com m\u00e9dicos das principais especialidades atrav\u00e9s de telemedicina, consulta m\u00e9dica online pelo computador e\/ou celular. E se eu precisar falar com um especialista? Voc\u00ea pode falar com m\u00e9dicos das principais especialidades atrav\u00e9s de telemedicina e fazer a sua consulta m\u00e9dica online E no caso de eu precisar de uma consulta presencial com um m\u00e9dico? Voc\u00ea utiliza nossa rede credenciada com descontos de at\u00e9 50% nas\u00a0 consultas E caso eu precise fazer um exame, como funciona? Voc\u00ea pode ir a um dos nossos laborat\u00f3rios credenciados e fazer seu exame com at\u00e9 80% de desconto.<\/p>\n","protected":false},"author":1,"featured_media":0,"parent":0,"menu_order":0,"comment_status":"closed","ping_status":"closed","template":"elementor_header_footer","meta":{"_joinchat":[],"footnotes":""},"class_list":["post-14","page","type-page","status-publish","hentry"],"yoast_head":"<!-- This site is optimized with the Yoast SEO plugin v26.9 - https:\/\/yoast.com\/product\/yoast-seo-wordpress\/ -->\n<title>D\u00favidas Frequentes - Hope Mais<\/title>\n<meta name=\"robots\" content=\"index, follow, max-snippet:-1, max-image-preview:large, max-video-preview:-1\" \/>\n<link rel=\"canonical\" href=\"https:\/\/hopemais.com.br\/seikatsu\/duvidas-frequentes\/\" \/>\n<meta property=\"og:locale\" content=\"pt_BR\" \/>\n<meta property=\"og:type\" content=\"article\" \/>\n<meta property=\"og:title\" content=\"D\u00favidas Frequentes - Hope Mais\" \/>\n<meta property=\"og:description\" content=\"Tire d\u00favidas aqui Como fazer uma consulta online Ligar para a central de atendimento SulAm\u00e9rica A consulta do servi\u00e7o de M\u00e9dico na Tela tem um tempo determinado? N\u00e3o. O tempo do atendimento depende da necessidade de cada paciente. E se eu precisar fazer um exame ou receber uma receita m\u00e9dica? Voc\u00ea pode falar com m\u00e9dicos das principais especialidades atrav\u00e9s de telemedicina, consulta m\u00e9dica online pelo computador e\/ou celular. E se eu precisar falar com um especialista? Voc\u00ea pode falar com m\u00e9dicos das principais especialidades atrav\u00e9s de telemedicina e fazer a sua consulta m\u00e9dica online E no caso de eu precisar de uma consulta presencial com um m\u00e9dico? Voc\u00ea utiliza nossa rede credenciada com descontos de at\u00e9 50% nas\u00a0 consultas E caso eu precise fazer um exame, como funciona? Voc\u00ea pode ir a um dos nossos laborat\u00f3rios credenciados e fazer seu exame com at\u00e9 80% de desconto.\" \/>\n<meta property=\"og:url\" content=\"https:\/\/hopemais.com.br\/seikatsu\/duvidas-frequentes\/\" \/>\n<meta property=\"og:site_name\" content=\"Hope Mais\" \/>\n<meta property=\"article:modified_time\" content=\"2023-11-13T13:52:50+00:00\" \/>\n<meta name=\"twitter:card\" content=\"summary_large_image\" \/>\n<meta name=\"twitter:label1\" content=\"Est. tempo de leitura\" \/>\n\t<meta name=\"twitter:data1\" content=\"1 minuto\" \/>\n<script type=\"application\/ld+json\" class=\"yoast-schema-graph\">{\"@context\":\"https:\/\/schema.org\",\"@graph\":[{\"@type\":\"WebPage\",\"@id\":\"https:\/\/hopemais.com.br\/seikatsu\/duvidas-frequentes\/\",\"url\":\"https:\/\/hopemais.com.br\/seikatsu\/duvidas-frequentes\/\",\"name\":\"D\u00favidas Frequentes - Hope Mais\",\"isPartOf\":{\"@id\":\"https:\/\/hopemais.com.br\/seikatsu\/#website\"},\"datePublished\":\"2022-06-16T12:28:49+00:00\",\"dateModified\":\"2023-11-13T13:52:50+00:00\",\"breadcrumb\":{\"@id\":\"https:\/\/hopemais.com.br\/seikatsu\/duvidas-frequentes\/#breadcrumb\"},\"inLanguage\":\"pt-BR\",\"potentialAction\":[{\"@type\":\"ReadAction\",\"target\":[\"https:\/\/hopemais.com.br\/seikatsu\/duvidas-frequentes\/\"]}]},{\"@type\":\"BreadcrumbList\",\"@id\":\"https:\/\/hopemais.com.br\/seikatsu\/duvidas-frequentes\/#breadcrumb\",\"itemListElement\":[{\"@type\":\"ListItem\",\"position\":1,\"name\":\"In\u00edcio\",\"item\":\"https:\/\/hopemais.com.br\/seikatsu\/\"},{\"@type\":\"ListItem\",\"position\":2,\"name\":\"D\u00favidas Frequentes\"}]},{\"@type\":\"WebSite\",\"@id\":\"https:\/\/hopemais.com.br\/seikatsu\/#website\",\"url\":\"https:\/\/hopemais.com.br\/seikatsu\/\",\"name\":\"Hope Mais\",\"description\":\"Benef\u00edcios\",\"potentialAction\":[{\"@type\":\"SearchAction\",\"target\":{\"@type\":\"EntryPoint\",\"urlTemplate\":\"https:\/\/hopemais.com.br\/seikatsu\/?s={search_term_string}\"},\"query-input\":{\"@type\":\"PropertyValueSpecification\",\"valueRequired\":true,\"valueName\":\"search_term_string\"}}],\"inLanguage\":\"pt-BR\"}]}<\/script>\n<!-- \/ Yoast SEO plugin. -->","yoast_head_json":{"title":"D\u00favidas Frequentes - Hope Mais","robots":{"index":"index","follow":"follow","max-snippet":"max-snippet:-1","max-image-preview":"max-image-preview:large","max-video-preview":"max-video-preview:-1"},"canonical":"https:\/\/hopemais.com.br\/seikatsu\/duvidas-frequentes\/","og_locale":"pt_BR","og_type":"article","og_title":"D\u00favidas Frequentes - Hope Mais","og_description":"Tire d\u00favidas aqui Como fazer uma consulta online Ligar para a central de atendimento SulAm\u00e9rica A consulta do servi\u00e7o de M\u00e9dico na Tela tem um tempo determinado? N\u00e3o. O tempo do atendimento depende da necessidade de cada paciente. E se eu precisar fazer um exame ou receber uma receita m\u00e9dica? Voc\u00ea pode falar com m\u00e9dicos das principais especialidades atrav\u00e9s de telemedicina, consulta m\u00e9dica online pelo computador e\/ou celular. E se eu precisar falar com um especialista? Voc\u00ea pode falar com m\u00e9dicos das principais especialidades atrav\u00e9s de telemedicina e fazer a sua consulta m\u00e9dica online E no caso de eu precisar de uma consulta presencial com um m\u00e9dico? Voc\u00ea utiliza nossa rede credenciada com descontos de at\u00e9 50% nas\u00a0 consultas E caso eu precise fazer um exame, como funciona? Voc\u00ea pode ir a um dos nossos laborat\u00f3rios credenciados e fazer seu exame com at\u00e9 80% de desconto.","og_url":"https:\/\/hopemais.com.br\/seikatsu\/duvidas-frequentes\/","og_site_name":"Hope Mais","article_modified_time":"2023-11-13T13:52:50+00:00","twitter_card":"summary_large_image","twitter_misc":{"Est. tempo de leitura":"1 minuto"},"schema":{"@context":"https:\/\/schema.org","@graph":[{"@type":"WebPage","@id":"https:\/\/hopemais.com.br\/seikatsu\/duvidas-frequentes\/","url":"https:\/\/hopemais.com.br\/seikatsu\/duvidas-frequentes\/","name":"D\u00favidas Frequentes - Hope Mais","isPartOf":{"@id":"https:\/\/hopemais.com.br\/seikatsu\/#website"},"datePublished":"2022-06-16T12:28:49+00:00","dateModified":"2023-11-13T13:52:50+00:00","breadcrumb":{"@id":"https:\/\/hopemais.com.br\/seikatsu\/duvidas-frequentes\/#breadcrumb"},"inLanguage":"pt-BR","potentialAction":[{"@type":"ReadAction","target":["https:\/\/hopemais.com.br\/seikatsu\/duvidas-frequentes\/"]}]},{"@type":"BreadcrumbList","@id":"https:\/\/hopemais.com.br\/seikatsu\/duvidas-frequentes\/#breadcrumb","itemListElement":[{"@type":"ListItem","position":1,"name":"In\u00edcio","item":"https:\/\/hopemais.com.br\/seikatsu\/"},{"@type":"ListItem","position":2,"name":"D\u00favidas Frequentes"}]},{"@type":"WebSite","@id":"https:\/\/hopemais.com.br\/seikatsu\/#website","url":"https:\/\/hopemais.com.br\/seikatsu\/","name":"Hope Mais","description":"Benef\u00edcios","potentialAction":[{"@type":"SearchAction","target":{"@type":"EntryPoint","urlTemplate":"https:\/\/hopemais.com.br\/seikatsu\/?s={search_term_string}"},"query-input":{"@type":"PropertyValueSpecification","valueRequired":true,"valueName":"search_term_string"}}],"inLanguage":"pt-BR"}]}},"_links":{"self":[{"href":"https:\/\/hopemais.com.br\/seikatsu\/wp-json\/wp\/v2\/pages\/14","targetHints":{"allow":["GET"]}}],"collection":[{"href":"https:\/\/hopemais.com.br\/seikatsu\/wp-json\/wp\/v2\/pages"}],"about":[{"href":"https:\/\/hopemais.com.br\/seikatsu\/wp-json\/wp\/v2\/types\/page"}],"author":[{"embeddable":true,"href":"https:\/\/hopemais.com.br\/seikatsu\/wp-json\/wp\/v2\/users\/1"}],"replies":[{"embeddable":true,"href":"https:\/\/hopemais.com.br\/seikatsu\/wp-json\/wp\/v2\/comments?post=14"}],"version-history":[{"count":34,"href":"https:\/\/hopemais.com.br\/seikatsu\/wp-json\/wp\/v2\/pages\/14\/revisions"}],"predecessor-version":[{"id":2283,"href":"https:\/\/hopemais.com.br\/seikatsu\/wp-json\/wp\/v2\/pages\/14\/revisions\/2283"}],"wp:attachment":[{"href":"https:\/\/hopemais.com.br\/seikatsu\/wp-json\/wp\/v2\/media?parent=14"}],"curies":[{"name":"wp","href":"https:\/\/api.w.org\/{rel}","templated":true}]}}