{"id":993,"date":"2022-07-15T10:15:10","date_gmt":"2022-07-15T13:15:10","guid":{"rendered":"https:\/\/hopemais.com.br\/seikatsu\/?page_id=993"},"modified":"2023-11-13T10:53:58","modified_gmt":"2023-11-13T13:53:58","slug":"rede-credenciada","status":"publish","type":"page","link":"https:\/\/hopemais.com.br\/seikatsu\/rede-credenciada\/","title":{"rendered":"Rede Credenciada"},"content":{"rendered":"\t\t<div data-elementor-type=\"wp-page\" data-elementor-id=\"993\" class=\"elementor elementor-993\" data-elementor-settings=\"{&quot;ha_cmc_init_switcher&quot;:&quot;no&quot;}\" data-elementor-post-type=\"page\">\n\t\t\t\t\t\t<section class=\"elementor-section elementor-top-section elementor-element elementor-element-8c1b152 elementor-section-height-min-height elementor-section-boxed elementor-section-height-default elementor-section-items-middle wpr-particle-no wpr-jarallax-no wpr-parallax-no wpr-sticky-section-no\" data-id=\"8c1b152\" data-element_type=\"section\" data-settings=\"{&quot;background_background&quot;:&quot;classic&quot;,&quot;_ha_eqh_enable&quot;:false}\">\n\t\t\t\t\t\t\t<div class=\"elementor-background-overlay\"><\/div>\n\t\t\t\t\t\t\t<div class=\"elementor-container elementor-column-gap-default\">\n\t\t\t\t\t<div class=\"elementor-column elementor-col-100 elementor-top-column elementor-element elementor-element-b1ce0cc\" data-id=\"b1ce0cc\" data-element_type=\"column\">\n\t\t\t<div class=\"elementor-widget-wrap elementor-element-populated\">\n\t\t\t\t\t\t<div class=\"elementor-element elementor-element-7b91688 elementor-align-center elementor-widget elementor-widget-breadcrumbs\" data-id=\"7b91688\" data-element_type=\"widget\" data-widget_type=\"breadcrumbs.default\">\n\t\t\t\t<div class=\"elementor-widget-container\">\n\t\t\t\t\t<p id=\"breadcrumbs\"><span><span><a href=\"https:\/\/hopemais.com.br\/seikatsu\/\">In\u00edcio<\/a><\/span><\/span><\/p>\t\t\t\t<\/div>\n\t\t\t\t<\/div>\n\t\t\t\t\t<\/div>\n\t\t<\/div>\n\t\t\t\t\t<\/div>\n\t\t<\/section>\n\t\t\t\t<section class=\"elementor-section elementor-top-section elementor-element elementor-element-283bca2 elementor-section-boxed elementor-section-height-default elementor-section-height-default wpr-particle-no wpr-jarallax-no wpr-parallax-no wpr-sticky-section-no\" data-id=\"283bca2\" data-element_type=\"section\" data-settings=\"{&quot;background_background&quot;:&quot;classic&quot;,&quot;_ha_eqh_enable&quot;:false}\">\n\t\t\t\t\t\t<div class=\"elementor-container elementor-column-gap-default\">\n\t\t\t\t\t<div class=\"elementor-column elementor-col-100 elementor-top-column elementor-element elementor-element-2338bf6\" data-id=\"2338bf6\" data-element_type=\"column\">\n\t\t\t<div class=\"elementor-widget-wrap elementor-element-populated\">\n\t\t\t\t\t\t<div class=\"elementor-element elementor-element-1b295e2 elementor-headline--style-highlight elementor-invisible elementor-widget elementor-widget-animated-headline\" data-id=\"1b295e2\" data-element_type=\"widget\" data-settings=\"{&quot;highlighted_text&quot;:&quot;Credenciada&quot;,&quot;_animation&quot;:&quot;fadeInUp&quot;,&quot;headline_style&quot;:&quot;highlight&quot;,&quot;marker&quot;:&quot;circle&quot;,&quot;loop&quot;:&quot;yes&quot;,&quot;highlight_animation_duration&quot;:1200,&quot;highlight_iteration_delay&quot;:8000}\" data-widget_type=\"animated-headline.default\">\n\t\t\t\t<div class=\"elementor-widget-container\">\n\t\t\t\t\t\t\t<h2 class=\"elementor-headline\">\n\t\t\t\t\t<span class=\"elementor-headline-plain-text elementor-headline-text-wrapper\">Rede<\/span>\n\t\t\t\t<span class=\"elementor-headline-dynamic-wrapper elementor-headline-text-wrapper\">\n\t\t\t\t\t<span class=\"elementor-headline-dynamic-text elementor-headline-text-active\">Credenciada<\/span>\n\t\t\t\t<\/span>\n\t\t\t\t<\/h2>\n\t\t\t\t\t\t<\/div>\n\t\t\t\t<\/div>\n\t\t\t\t<div class=\"elementor-element elementor-element-d85a13c elementor-widget__width-initial elementor-invisible elementor-widget elementor-widget-text-editor\" data-id=\"d85a13c\" data-element_type=\"widget\" data-settings=\"{&quot;_animation&quot;:&quot;fadeInUp&quot;,&quot;_animation_delay&quot;:100}\" data-widget_type=\"text-editor.default\">\n\t\t\t\t<div class=\"elementor-widget-container\">\n\t\t\t\t\t\t\t\t\t<p>A rede credenciada dispon\u00edvel varia de acordo com o plano contratado. Deste material constam exemplos de prestadores, benef\u00edcios e servi\u00e7os que podem ser alterados a qualquer momento.&#8221;<\/p><p><span style=\"color: #ff0000;\"><em>Os servi\u00e7os, benef\u00edcios e <strong>a rede credenciada da SulAm\u00e9rica, EuSa\u00fade ou Sabemi<\/strong> poder\u00e3o ser descontinuados e sofrerem altera\u00e7\u00e3o a qualquer tempo sem pr\u00e9vio aviso.<\/em><\/span><\/p>\t\t\t\t\t\t\t\t<\/div>\n\t\t\t\t<\/div>\n\t\t\t\t<div class=\"elementor-element elementor-element-d482cf5 elementor-widget elementor-widget-image\" data-id=\"d482cf5\" data-element_type=\"widget\" data-widget_type=\"image.default\">\n\t\t\t\t<div class=\"elementor-widget-container\">\n\t\t\t\t\t\t\t\t\t\t\t\t\t\t\t<img fetchpriority=\"high\" decoding=\"async\" width=\"500\" height=\"100\" src=\"https:\/\/hopemais.com.br\/seikatsu\/wp-content\/uploads\/2022\/07\/sulamerica-parceria-hope_mais.png\" class=\"attachment-large size-large wp-image-937\" alt=\"\" srcset=\"https:\/\/hopemais.com.br\/seikatsu\/wp-content\/uploads\/2022\/07\/sulamerica-parceria-hope_mais.png 500w, https:\/\/hopemais.com.br\/seikatsu\/wp-content\/uploads\/2022\/07\/sulamerica-parceria-hope_mais-300x60.png 300w\" sizes=\"(max-width: 500px) 100vw, 500px\" \/>\t\t\t\t\t\t\t\t\t\t\t\t\t\t\t<\/div>\n\t\t\t\t<\/div>\n\t\t\t\t<div class=\"elementor-element elementor-element-4dbc55a elementor-headline--style-highlight elementor-invisible elementor-widget elementor-widget-animated-headline\" data-id=\"4dbc55a\" data-element_type=\"widget\" data-settings=\"{&quot;highlighted_text&quot;:&quot;Telemedicina&quot;,&quot;_animation&quot;:&quot;fadeInUp&quot;,&quot;headline_style&quot;:&quot;highlight&quot;,&quot;marker&quot;:&quot;circle&quot;,&quot;loop&quot;:&quot;yes&quot;,&quot;highlight_animation_duration&quot;:1200,&quot;highlight_iteration_delay&quot;:8000}\" data-widget_type=\"animated-headline.default\">\n\t\t\t\t<div class=\"elementor-widget-container\">\n\t\t\t\t\t\t\t<h2 class=\"elementor-headline\">\n\t\t\t\t\t<span class=\"elementor-headline-plain-text elementor-headline-text-wrapper\">Atendimento<\/span>\n\t\t\t\t<span class=\"elementor-headline-dynamic-wrapper elementor-headline-text-wrapper\">\n\t\t\t\t\t<span class=\"elementor-headline-dynamic-text elementor-headline-text-active\">Telemedicina<\/span>\n\t\t\t\t<\/span>\n\t\t\t\t<\/h2>\n\t\t\t\t\t\t<\/div>\n\t\t\t\t<\/div>\n\t\t\t\t<section class=\"elementor-section elementor-inner-section elementor-element elementor-element-1214b5a elementor-section-boxed elementor-section-height-default elementor-section-height-default wpr-particle-no wpr-jarallax-no wpr-parallax-no wpr-sticky-section-no\" data-id=\"1214b5a\" data-element_type=\"section\" data-settings=\"{&quot;_ha_eqh_enable&quot;:false}\">\n\t\t\t\t\t\t<div class=\"elementor-container elementor-column-gap-default\">\n\t\t\t\t\t<div class=\"elementor-column elementor-col-50 elementor-inner-column elementor-element elementor-element-a7a472d\" data-id=\"a7a472d\" data-element_type=\"column\" data-settings=\"{&quot;background_background&quot;:&quot;classic&quot;}\">\n\t\t\t<div class=\"elementor-widget-wrap elementor-element-populated\">\n\t\t\t\t\t\t<div class=\"elementor-element elementor-element-601099a elementor-position-top elementor-widget elementor-widget-image-box\" data-id=\"601099a\" data-element_type=\"widget\" data-widget_type=\"image-box.default\">\n\t\t\t\t<div class=\"elementor-widget-container\">\n\t\t\t\t\t<div class=\"elementor-image-box-wrapper\"><figure class=\"elementor-image-box-img\"><img decoding=\"async\" width=\"100\" height=\"100\" src=\"https:\/\/hopemais.com.br\/seikatsu\/wp-content\/uploads\/2022\/06\/farmacias-credenciadas.png\" class=\"attachment-full size-full wp-image-240\" alt=\"\" \/><\/figure><div class=\"elementor-image-box-content\"><h4 class=\"elementor-image-box-title\">Farm\u00e1cias<\/h4><\/div><\/div>\t\t\t\t<\/div>\n\t\t\t\t<\/div>\n\t\t\t\t<div class=\"elementor-element elementor-element-8202c28 elementor-align-justify elementor-widget elementor-widget-button\" data-id=\"8202c28\" data-element_type=\"widget\" data-widget_type=\"button.default\">\n\t\t\t\t<div class=\"elementor-widget-container\">\n\t\t\t\t\t\t\t\t\t<div class=\"elementor-button-wrapper\">\n\t\t\t\t\t<a class=\"elementor-button elementor-button-link elementor-size-sm elementor-animation-grow\" href=\"https:\/\/saude.sulamericaseguros.com.br\/beneficios\/farmacias\/\" target=\"_blank\" rel=\"nofollow\">\n\t\t\t\t\t\t<span class=\"elementor-button-content-wrapper\">\n\t\t\t\t\t\t\t\t\t<span class=\"elementor-button-text\">Buscar Farm\u00e1cias<\/span>\n\t\t\t\t\t<\/span>\n\t\t\t\t\t<\/a>\n\t\t\t\t<\/div>\n\t\t\t\t\t\t\t\t<\/div>\n\t\t\t\t<\/div>\n\t\t\t\t<div class=\"elementor-element elementor-element-f47f7e2 elementor-align-justify elementor-hidden-desktop elementor-hidden-tablet elementor-hidden-mobile elementor-widget elementor-widget-button\" data-id=\"f47f7e2\" data-element_type=\"widget\" data-widget_type=\"button.default\">\n\t\t\t\t<div class=\"elementor-widget-container\">\n\t\t\t\t\t\t\t\t\t<div class=\"elementor-button-wrapper\">\n\t\t\t\t\t<a class=\"elementor-button elementor-button-link elementor-size-sm elementor-animation-grow\" href=\"https:\/\/saude.sulamericaseguros.com.br\/beneficios\/medicamentos-com-desconto\/\" target=\"_blank\" rel=\"nofollow\">\n\t\t\t\t\t\t<span class=\"elementor-button-content-wrapper\">\n\t\t\t\t\t\t\t\t\t<span class=\"elementor-button-text\">Lista de Medicamentos<\/span>\n\t\t\t\t\t<\/span>\n\t\t\t\t\t<\/a>\n\t\t\t\t<\/div>\n\t\t\t\t\t\t\t\t<\/div>\n\t\t\t\t<\/div>\n\t\t\t\t\t<\/div>\n\t\t<\/div>\n\t\t\t\t<div class=\"elementor-column elementor-col-50 elementor-inner-column elementor-element elementor-element-c5ae1f6\" data-id=\"c5ae1f6\" data-element_type=\"column\" data-settings=\"{&quot;background_background&quot;:&quot;classic&quot;}\">\n\t\t\t<div class=\"elementor-widget-wrap elementor-element-populated\">\n\t\t\t\t\t\t<div class=\"elementor-element elementor-element-28f3d23 elementor-position-top elementor-widget elementor-widget-image-box\" data-id=\"28f3d23\" data-element_type=\"widget\" data-widget_type=\"image-box.default\">\n\t\t\t\t<div class=\"elementor-widget-container\">\n\t\t\t\t\t<div class=\"elementor-image-box-wrapper\"><figure class=\"elementor-image-box-img\"><img decoding=\"async\" width=\"90\" height=\"90\" src=\"https:\/\/hopemais.com.br\/seikatsu\/wp-content\/uploads\/2022\/06\/telemedicina.png\" class=\"attachment-full size-full wp-image-576\" alt=\"\" \/><\/figure><div class=\"elementor-image-box-content\"><h4 class=\"elementor-image-box-title\">Telemedicina<\/h4><\/div><\/div>\t\t\t\t<\/div>\n\t\t\t\t<\/div>\n\t\t\t\t<div class=\"elementor-element elementor-element-a7044e9 elementor-align-justify elementor-widget elementor-widget-button\" data-id=\"a7044e9\" data-element_type=\"widget\" data-widget_type=\"button.default\">\n\t\t\t\t<div class=\"elementor-widget-container\">\n\t\t\t\t\t\t\t\t\t<div class=\"elementor-button-wrapper\">\n\t\t\t\t\t<a class=\"elementor-button elementor-button-link elementor-size-sm elementor-animation-grow\" href=\"https:\/\/sulamericavida.docway.com.br\/\" target=\"_blank\" rel=\"nofollow\">\n\t\t\t\t\t\t<span class=\"elementor-button-content-wrapper\">\n\t\t\t\t\t\t\t\t\t<span class=\"elementor-button-text\">Solicitar Telemedicina<\/span>\n\t\t\t\t\t<\/span>\n\t\t\t\t\t<\/a>\n\t\t\t\t<\/div>\n\t\t\t\t\t\t\t\t<\/div>\n\t\t\t\t<\/div>\n\t\t\t\t<div class=\"elementor-element elementor-element-253cd15 elementor-align-justify elementor-widget elementor-widget-button\" data-id=\"253cd15\" data-element_type=\"widget\" data-widget_type=\"button.default\">\n\t\t\t\t<div class=\"elementor-widget-container\">\n\t\t\t\t\t\t\t\t\t<div class=\"elementor-button-wrapper\">\n\t\t\t\t\t<a class=\"elementor-button elementor-button-link elementor-size-sm elementor-animation-grow\" href=\"https:\/\/www.sulamerica.com.br\/emkt\/institucional\/GuiaMediconaTela_VidaePrevidencia.pdf\" target=\"_blank\" rel=\"nofollow\">\n\t\t\t\t\t\t<span class=\"elementor-button-content-wrapper\">\n\t\t\t\t\t\t\t\t\t<span class=\"elementor-button-text\">Como Funciona<\/span>\n\t\t\t\t\t<\/span>\n\t\t\t\t\t<\/a>\n\t\t\t\t<\/div>\n\t\t\t\t\t\t\t\t<\/div>\n\t\t\t\t<\/div>\n\t\t\t\t\t<\/div>\n\t\t<\/div>\n\t\t\t\t\t<\/div>\n\t\t<\/section>\n\t\t\t\t\t<\/div>\n\t\t<\/div>\n\t\t\t\t\t<\/div>\n\t\t<\/section>\n\t\t\t\t<section class=\"elementor-section elementor-top-section elementor-element elementor-element-b927277 elementor-section-boxed elementor-section-height-default elementor-section-height-default wpr-particle-no wpr-jarallax-no wpr-parallax-no wpr-sticky-section-no\" data-id=\"b927277\" data-element_type=\"section\" data-settings=\"{&quot;background_background&quot;:&quot;classic&quot;,&quot;_ha_eqh_enable&quot;:false}\">\n\t\t\t\t\t\t<div class=\"elementor-container elementor-column-gap-default\">\n\t\t\t\t\t<div class=\"elementor-column elementor-col-100 elementor-top-column elementor-element elementor-element-eb5f780\" data-id=\"eb5f780\" data-element_type=\"column\">\n\t\t\t<div class=\"elementor-widget-wrap elementor-element-populated\">\n\t\t\t\t\t\t<div class=\"elementor-element elementor-element-4336842 elementor-widget elementor-widget-image\" data-id=\"4336842\" data-element_type=\"widget\" data-widget_type=\"image.default\">\n\t\t\t\t<div class=\"elementor-widget-container\">\n\t\t\t\t\t\t\t\t\t\t\t\t\t\t\t<img loading=\"lazy\" decoding=\"async\" width=\"500\" height=\"132\" src=\"https:\/\/hopemais.com.br\/seikatsu\/wp-content\/uploads\/2022\/08\/logo-Sabemi-N.png\" class=\"attachment-large size-large wp-image-1367\" alt=\"\" srcset=\"https:\/\/hopemais.com.br\/seikatsu\/wp-content\/uploads\/2022\/08\/logo-Sabemi-N.png 500w, https:\/\/hopemais.com.br\/seikatsu\/wp-content\/uploads\/2022\/08\/logo-Sabemi-N-300x79.png 300w\" sizes=\"(max-width: 500px) 100vw, 500px\" \/>\t\t\t\t\t\t\t\t\t\t\t\t\t\t\t<\/div>\n\t\t\t\t<\/div>\n\t\t\t\t<div class=\"elementor-element elementor-element-709661b elementor-headline--style-highlight elementor-invisible elementor-widget elementor-widget-animated-headline\" data-id=\"709661b\" data-element_type=\"widget\" data-settings=\"{&quot;highlighted_text&quot;:&quot;Presencial&quot;,&quot;_animation&quot;:&quot;fadeInUp&quot;,&quot;headline_style&quot;:&quot;highlight&quot;,&quot;marker&quot;:&quot;circle&quot;,&quot;loop&quot;:&quot;yes&quot;,&quot;highlight_animation_duration&quot;:1200,&quot;highlight_iteration_delay&quot;:8000}\" data-widget_type=\"animated-headline.default\">\n\t\t\t\t<div class=\"elementor-widget-container\">\n\t\t\t\t\t\t\t<h2 class=\"elementor-headline\">\n\t\t\t\t\t<span class=\"elementor-headline-plain-text elementor-headline-text-wrapper\">Atendimento<\/span>\n\t\t\t\t<span class=\"elementor-headline-dynamic-wrapper elementor-headline-text-wrapper\">\n\t\t\t\t\t<span class=\"elementor-headline-dynamic-text elementor-headline-text-active\">Presencial<\/span>\n\t\t\t\t<\/span>\n\t\t\t\t<\/h2>\n\t\t\t\t\t\t<\/div>\n\t\t\t\t<\/div>\n\t\t\t\t<section class=\"elementor-section elementor-inner-section elementor-element elementor-element-17059c4 elementor-section-boxed elementor-section-height-default elementor-section-height-default wpr-particle-no wpr-jarallax-no wpr-parallax-no wpr-sticky-section-no\" data-id=\"17059c4\" data-element_type=\"section\" data-settings=\"{&quot;_ha_eqh_enable&quot;:false}\">\n\t\t\t\t\t\t<div class=\"elementor-container elementor-column-gap-default\">\n\t\t\t\t\t<div class=\"elementor-column elementor-col-100 elementor-inner-column elementor-element elementor-element-b822dcf\" data-id=\"b822dcf\" data-element_type=\"column\" data-settings=\"{&quot;background_background&quot;:&quot;classic&quot;}\">\n\t\t\t<div class=\"elementor-widget-wrap elementor-element-populated\">\n\t\t\t\t\t\t<div class=\"elementor-element elementor-element-5eb2592 elementor-position-top elementor-widget elementor-widget-image-box\" data-id=\"5eb2592\" data-element_type=\"widget\" data-widget_type=\"image-box.default\">\n\t\t\t\t<div class=\"elementor-widget-container\">\n\t\t\t\t\t<div class=\"elementor-image-box-wrapper\"><figure class=\"elementor-image-box-img\"><img decoding=\"async\" width=\"100\" height=\"100\" src=\"https:\/\/hopemais.com.br\/seikatsu\/wp-content\/uploads\/2022\/06\/farmacias-credenciadas.png\" class=\"attachment-full size-full wp-image-240\" alt=\"\" \/><\/figure><div class=\"elementor-image-box-content\"><h4 class=\"elementor-image-box-title\">Consultas e Exames<\/h4><\/div><\/div>\t\t\t\t<\/div>\n\t\t\t\t<\/div>\n\t\t\t\t<div class=\"elementor-element elementor-element-b96b910 elementor-align-justify elementor-widget elementor-widget-button\" data-id=\"b96b910\" data-element_type=\"widget\" data-widget_type=\"button.default\">\n\t\t\t\t<div class=\"elementor-widget-container\">\n\t\t\t\t\t\t\t\t\t<div class=\"elementor-button-wrapper\">\n\t\t\t\t\t<a class=\"elementor-button elementor-button-link elementor-size-sm elementor-animation-grow\" href=\"https:\/\/hopemais.com.br\/seikatsu\/wp-content\/uploads\/2023\/04\/saude-completa-sabemi.pdf\" target=\"_blank\" rel=\"nofollow\">\n\t\t\t\t\t\t<span class=\"elementor-button-content-wrapper\">\n\t\t\t\t\t\t\t\t\t<span class=\"elementor-button-text\">Buscar na Rede<\/span>\n\t\t\t\t\t<\/span>\n\t\t\t\t\t<\/a>\n\t\t\t\t<\/div>\n\t\t\t\t\t\t\t\t<\/div>\n\t\t\t\t<\/div>\n\t\t\t\t\t<\/div>\n\t\t<\/div>\n\t\t\t\t\t<\/div>\n\t\t<\/section>\n\t\t\t\t\t<\/div>\n\t\t<\/div>\n\t\t\t\t\t<\/div>\n\t\t<\/section>\n\t\t\t\t<\/div>\n\t\t","protected":false},"excerpt":{"rendered":"<p>Rede Credenciada A rede credenciada dispon\u00edvel varia de acordo com o plano contratado. Deste material constam exemplos de prestadores, benef\u00edcios e servi\u00e7os que podem ser alterados a qualquer momento.&#8221; Os servi\u00e7os, benef\u00edcios e a rede credenciada da SulAm\u00e9rica, EuSa\u00fade ou Sabemi poder\u00e3o ser descontinuados e sofrerem altera\u00e7\u00e3o a qualquer tempo sem pr\u00e9vio aviso. Atendimento Telemedicina Farm\u00e1cias Buscar Farm\u00e1cias Lista de Medicamentos Telemedicina Solicitar Telemedicina Como Funciona Atendimento Presencial Consultas e Exames Buscar na Rede<\/p>\n","protected":false},"author":1,"featured_media":0,"parent":0,"menu_order":0,"comment_status":"closed","ping_status":"closed","template":"elementor_header_footer","meta":{"_joinchat":[],"footnotes":""},"class_list":["post-993","page","type-page","status-publish","hentry"],"yoast_head":"<!-- This site is optimized with the Yoast SEO plugin v26.9 - https:\/\/yoast.com\/product\/yoast-seo-wordpress\/ -->\n<title>Rede Credenciada - Hope Mais<\/title>\n<meta name=\"robots\" content=\"index, follow, max-snippet:-1, max-image-preview:large, max-video-preview:-1\" \/>\n<link rel=\"canonical\" href=\"https:\/\/hopemais.com.br\/seikatsu\/rede-credenciada\/\" \/>\n<meta property=\"og:locale\" content=\"pt_BR\" \/>\n<meta property=\"og:type\" content=\"article\" \/>\n<meta property=\"og:title\" content=\"Rede Credenciada - Hope Mais\" \/>\n<meta property=\"og:description\" content=\"Rede Credenciada A rede credenciada dispon\u00edvel varia de acordo com o plano contratado. Deste material constam exemplos de prestadores, benef\u00edcios e servi\u00e7os que podem ser alterados a qualquer momento.&#8221; Os servi\u00e7os, benef\u00edcios e a rede credenciada da SulAm\u00e9rica, EuSa\u00fade ou Sabemi poder\u00e3o ser descontinuados e sofrerem altera\u00e7\u00e3o a qualquer tempo sem pr\u00e9vio aviso. Atendimento Telemedicina Farm\u00e1cias Buscar Farm\u00e1cias Lista de Medicamentos Telemedicina Solicitar Telemedicina Como Funciona Atendimento Presencial Consultas e Exames Buscar na Rede\" \/>\n<meta property=\"og:url\" content=\"https:\/\/hopemais.com.br\/seikatsu\/rede-credenciada\/\" \/>\n<meta property=\"og:site_name\" content=\"Hope Mais\" \/>\n<meta property=\"article:modified_time\" content=\"2023-11-13T13:53:58+00:00\" \/>\n<meta property=\"og:image\" content=\"https:\/\/hopemais.com.br\/seikatsu\/wp-content\/uploads\/2022\/07\/sulamerica-parceria-hope_mais.png\" \/>\n<meta name=\"twitter:card\" content=\"summary_large_image\" \/>\n<meta name=\"twitter:label1\" content=\"Est. tempo de leitura\" \/>\n\t<meta name=\"twitter:data1\" content=\"2 minutos\" \/>\n<script type=\"application\/ld+json\" class=\"yoast-schema-graph\">{\"@context\":\"https:\/\/schema.org\",\"@graph\":[{\"@type\":\"WebPage\",\"@id\":\"https:\/\/hopemais.com.br\/seikatsu\/rede-credenciada\/\",\"url\":\"https:\/\/hopemais.com.br\/seikatsu\/rede-credenciada\/\",\"name\":\"Rede Credenciada - Hope Mais\",\"isPartOf\":{\"@id\":\"https:\/\/hopemais.com.br\/seikatsu\/#website\"},\"primaryImageOfPage\":{\"@id\":\"https:\/\/hopemais.com.br\/seikatsu\/rede-credenciada\/#primaryimage\"},\"image\":{\"@id\":\"https:\/\/hopemais.com.br\/seikatsu\/rede-credenciada\/#primaryimage\"},\"thumbnailUrl\":\"https:\/\/hopemais.com.br\/seikatsu\/wp-content\/uploads\/2022\/07\/sulamerica-parceria-hope_mais.png\",\"datePublished\":\"2022-07-15T13:15:10+00:00\",\"dateModified\":\"2023-11-13T13:53:58+00:00\",\"breadcrumb\":{\"@id\":\"https:\/\/hopemais.com.br\/seikatsu\/rede-credenciada\/#breadcrumb\"},\"inLanguage\":\"pt-BR\",\"potentialAction\":[{\"@type\":\"ReadAction\",\"target\":[\"https:\/\/hopemais.com.br\/seikatsu\/rede-credenciada\/\"]}]},{\"@type\":\"ImageObject\",\"inLanguage\":\"pt-BR\",\"@id\":\"https:\/\/hopemais.com.br\/seikatsu\/rede-credenciada\/#primaryimage\",\"url\":\"https:\/\/hopemais.com.br\/seikatsu\/wp-content\/uploads\/2022\/07\/sulamerica-parceria-hope_mais.png\",\"contentUrl\":\"https:\/\/hopemais.com.br\/seikatsu\/wp-content\/uploads\/2022\/07\/sulamerica-parceria-hope_mais.png\",\"width\":500,\"height\":100},{\"@type\":\"BreadcrumbList\",\"@id\":\"https:\/\/hopemais.com.br\/seikatsu\/rede-credenciada\/#breadcrumb\",\"itemListElement\":[{\"@type\":\"ListItem\",\"position\":1,\"name\":\"In\u00edcio\",\"item\":\"https:\/\/hopemais.com.br\/seikatsu\/\"},{\"@type\":\"ListItem\",\"position\":2,\"name\":\"Rede Credenciada\"}]},{\"@type\":\"WebSite\",\"@id\":\"https:\/\/hopemais.com.br\/seikatsu\/#website\",\"url\":\"https:\/\/hopemais.com.br\/seikatsu\/\",\"name\":\"Hope Mais\",\"description\":\"Benef\u00edcios\",\"potentialAction\":[{\"@type\":\"SearchAction\",\"target\":{\"@type\":\"EntryPoint\",\"urlTemplate\":\"https:\/\/hopemais.com.br\/seikatsu\/?s={search_term_string}\"},\"query-input\":{\"@type\":\"PropertyValueSpecification\",\"valueRequired\":true,\"valueName\":\"search_term_string\"}}],\"inLanguage\":\"pt-BR\"}]}<\/script>\n<!-- \/ Yoast SEO plugin. -->","yoast_head_json":{"title":"Rede Credenciada - Hope Mais","robots":{"index":"index","follow":"follow","max-snippet":"max-snippet:-1","max-image-preview":"max-image-preview:large","max-video-preview":"max-video-preview:-1"},"canonical":"https:\/\/hopemais.com.br\/seikatsu\/rede-credenciada\/","og_locale":"pt_BR","og_type":"article","og_title":"Rede Credenciada - Hope Mais","og_description":"Rede Credenciada A rede credenciada dispon\u00edvel varia de acordo com o plano contratado. Deste material constam exemplos de prestadores, benef\u00edcios e servi\u00e7os que podem ser alterados a qualquer momento.&#8221; Os servi\u00e7os, benef\u00edcios e a rede credenciada da SulAm\u00e9rica, EuSa\u00fade ou Sabemi poder\u00e3o ser descontinuados e sofrerem altera\u00e7\u00e3o a qualquer tempo sem pr\u00e9vio aviso. Atendimento Telemedicina Farm\u00e1cias Buscar Farm\u00e1cias Lista de Medicamentos Telemedicina Solicitar Telemedicina Como Funciona Atendimento Presencial Consultas e Exames Buscar na Rede","og_url":"https:\/\/hopemais.com.br\/seikatsu\/rede-credenciada\/","og_site_name":"Hope Mais","article_modified_time":"2023-11-13T13:53:58+00:00","og_image":[{"url":"https:\/\/hopemais.com.br\/seikatsu\/wp-content\/uploads\/2022\/07\/sulamerica-parceria-hope_mais.png","type":"","width":"","height":""}],"twitter_card":"summary_large_image","twitter_misc":{"Est. tempo de leitura":"2 minutos"},"schema":{"@context":"https:\/\/schema.org","@graph":[{"@type":"WebPage","@id":"https:\/\/hopemais.com.br\/seikatsu\/rede-credenciada\/","url":"https:\/\/hopemais.com.br\/seikatsu\/rede-credenciada\/","name":"Rede Credenciada - Hope Mais","isPartOf":{"@id":"https:\/\/hopemais.com.br\/seikatsu\/#website"},"primaryImageOfPage":{"@id":"https:\/\/hopemais.com.br\/seikatsu\/rede-credenciada\/#primaryimage"},"image":{"@id":"https:\/\/hopemais.com.br\/seikatsu\/rede-credenciada\/#primaryimage"},"thumbnailUrl":"https:\/\/hopemais.com.br\/seikatsu\/wp-content\/uploads\/2022\/07\/sulamerica-parceria-hope_mais.png","datePublished":"2022-07-15T13:15:10+00:00","dateModified":"2023-11-13T13:53:58+00:00","breadcrumb":{"@id":"https:\/\/hopemais.com.br\/seikatsu\/rede-credenciada\/#breadcrumb"},"inLanguage":"pt-BR","potentialAction":[{"@type":"ReadAction","target":["https:\/\/hopemais.com.br\/seikatsu\/rede-credenciada\/"]}]},{"@type":"ImageObject","inLanguage":"pt-BR","@id":"https:\/\/hopemais.com.br\/seikatsu\/rede-credenciada\/#primaryimage","url":"https:\/\/hopemais.com.br\/seikatsu\/wp-content\/uploads\/2022\/07\/sulamerica-parceria-hope_mais.png","contentUrl":"https:\/\/hopemais.com.br\/seikatsu\/wp-content\/uploads\/2022\/07\/sulamerica-parceria-hope_mais.png","width":500,"height":100},{"@type":"BreadcrumbList","@id":"https:\/\/hopemais.com.br\/seikatsu\/rede-credenciada\/#breadcrumb","itemListElement":[{"@type":"ListItem","position":1,"name":"In\u00edcio","item":"https:\/\/hopemais.com.br\/seikatsu\/"},{"@type":"ListItem","position":2,"name":"Rede Credenciada"}]},{"@type":"WebSite","@id":"https:\/\/hopemais.com.br\/seikatsu\/#website","url":"https:\/\/hopemais.com.br\/seikatsu\/","name":"Hope Mais","description":"Benef\u00edcios","potentialAction":[{"@type":"SearchAction","target":{"@type":"EntryPoint","urlTemplate":"https:\/\/hopemais.com.br\/seikatsu\/?s={search_term_string}"},"query-input":{"@type":"PropertyValueSpecification","valueRequired":true,"valueName":"search_term_string"}}],"inLanguage":"pt-BR"}]}},"_links":{"self":[{"href":"https:\/\/hopemais.com.br\/seikatsu\/wp-json\/wp\/v2\/pages\/993","targetHints":{"allow":["GET"]}}],"collection":[{"href":"https:\/\/hopemais.com.br\/seikatsu\/wp-json\/wp\/v2\/pages"}],"about":[{"href":"https:\/\/hopemais.com.br\/seikatsu\/wp-json\/wp\/v2\/types\/page"}],"author":[{"embeddable":true,"href":"https:\/\/hopemais.com.br\/seikatsu\/wp-json\/wp\/v2\/users\/1"}],"replies":[{"embeddable":true,"href":"https:\/\/hopemais.com.br\/seikatsu\/wp-json\/wp\/v2\/comments?post=993"}],"version-history":[{"count":37,"href":"https:\/\/hopemais.com.br\/seikatsu\/wp-json\/wp\/v2\/pages\/993\/revisions"}],"predecessor-version":[{"id":2286,"href":"https:\/\/hopemais.com.br\/seikatsu\/wp-json\/wp\/v2\/pages\/993\/revisions\/2286"}],"wp:attachment":[{"href":"https:\/\/hopemais.com.br\/seikatsu\/wp-json\/wp\/v2\/media?parent=993"}],"curies":[{"name":"wp","href":"https:\/\/api.w.org\/{rel}","templated":true}]}}